{"id":29512,"date":"2025-07-28T05:28:20","date_gmt":"2025-07-28T05:28:20","guid":{"rendered":"https:\/\/www.jkg-meble.pl\/?post_type=product&#038;p=29512"},"modified":"2026-04-13T06:12:34","modified_gmt":"2026-04-13T06:12:34","slug":"naroznik-kuchenny-berlin","status":"publish","type":"product","link":"https:\/\/www.jkg-meble.pl\/index.php\/produkt\/naroznik-kuchenny-berlin\/","title":{"rendered":"Naro\u017cnik kuchenny Berlin"},"content":{"rendered":"\t\t<div data-elementor-type=\"wp-post\" data-elementor-id=\"29512\" class=\"elementor elementor-29512\">\n\t\t\t\t<div class=\"wd-negative-gap elementor-element elementor-element-d36d99e e-grid e-con-boxed e-con e-parent\" data-id=\"d36d99e\" data-element_type=\"container\" data-e-type=\"container\">\n\t\t\t\t\t<div class=\"e-con-inner\">\n\t\t\t\t<div class=\"elementor-element elementor-element-0a429b5 elementor-widget elementor-widget-wd_text_block\" data-id=\"0a429b5\" data-element_type=\"widget\" data-e-type=\"widget\" data-widget_type=\"wd_text_block.default\">\n\t\t\t\t<div class=\"elementor-widget-container\">\n\t\t\t\t\t\t\t<div class=\"wd-text-block reset-last-child text-left\">\n\t\t\t\n\t\t\t<p><strong>Berlin -<\/strong> tapicerowany naro\u017cnik do kuchni lub jadalni to nowoczesny i funkcjonalny mebel, kt\u00f3ry \u0142\u0105czy wygod\u0119 z estetycznym wygl\u0105dem. Ozdobne pionowe przeszycia na oparciach nadaj\u0105 mu elegancki charakter, a metalowe nogi malowane proszkowo podkre\u015blaj\u0105 industrialny styl. Mo\u017cliwo\u015b\u0107 wyboru wysokiej jako\u015bci tkanin obiciowych pozwala dopasowa\u0107 naro\u017cnik do wn\u0119trza, a trwa\u0142a konstrukcja z p\u0142yty wi\u00f3rowej i komfortowa pianka T-30 zapewniaj\u0105 wygod\u0119 oraz solidno\u015b\u0107 na lata. Dodatkowym atutem jest szybki czas realizacji \u2013 21 dni roboczych. To produkt polskiego producenta mebli, wykonany z dba\u0142o\u015bci\u0105 o ka\u017cdy detal.<\/p><h3>Charakterystyka naro\u017cnika Berlin\u00a0<\/h3><ul><li data-section-id=\"165zkau\" data-start=\"0\" data-end=\"110\">\ud83d\udecb\ufe0f <strong data-start=\"6\" data-end=\"53\">Tapicerowany naro\u017cnik do kuchni lub jadalni<\/strong> \u2013 wygodne i stylowe rozwi\u0105zanie do nowoczesnych wn\u0119trz<\/li><li data-section-id=\"1guzfcv\" data-start=\"111\" data-end=\"218\">\u2728 <strong data-start=\"115\" data-end=\"158\">Ozdobne pionowe przeszycia na oparciach<\/strong> \u2013 elegancki detal, kt\u00f3ry podkre\u015bla wyj\u0105tkowy wygl\u0105d mebla<\/li><li data-section-id=\"s2rr2s\" data-start=\"219\" data-end=\"343\">\ud83c\udfa8 <strong data-start=\"224\" data-end=\"279\">Mo\u017cliwo\u015b\u0107 wyboru wysokiej jako\u015bci tkanin obiciowych<\/strong> \u2013 \u0142atwe dopasowanie naro\u017cnika do aran\u017cacji kuchni lub jadalni<\/li><li data-section-id=\"1fyu2qm\" data-start=\"344\" data-end=\"449\">\ud83e\uddf1 <strong data-start=\"349\" data-end=\"388\">Trwa\u0142a konstrukcja z p\u0142yty wi\u00f3rowej<\/strong> \u2013 solidne wykonanie zapewniaj\u0105ce wytrzyma\u0142o\u015b\u0107 i stabilno\u015b\u0107<\/li><li data-section-id=\"1rt42kg\" data-start=\"450\" data-end=\"545\">\u2601\ufe0f <strong data-start=\"455\" data-end=\"487\">Wysokiej jako\u015bci pianka T-30<\/strong> \u2013 komfortowe, spr\u0119\u017cyste i wygodne siedzisko na co dzie\u0144<\/li><li data-section-id=\"19h3foy\" data-start=\"546\" data-end=\"648\">\ud83d\udda4 <strong data-start=\"551\" data-end=\"587\">Metalowe nogi malowane proszkowo<\/strong> \u2013 nowoczesny akcent nadaj\u0105cy naro\u017cnikowi industrialny styl<\/li><li data-section-id=\"7z45ru\" data-start=\"649\" data-end=\"731\">\u23f1\ufe0f <strong data-start=\"654\" data-end=\"680\">Szybki czas realizacji<\/strong> \u2013 zam\u00f3wienie gotowe w ci\u0105gu <strong data-start=\"709\" data-end=\"729\">21 dni roboczych<\/strong><\/li><li data-section-id=\"5jvwk1\" data-start=\"732\" data-end=\"824\" data-is-last-node=\"\">\ud83c\uddf5\ud83c\uddf1 <strong data-start=\"739\" data-end=\"765\">Polski producent mebli<\/strong> \u2013 lokalna produkcja, staranne wykonanie i dba\u0142o\u015b\u0107 o detale<\/li><\/ul><h2>Wymiary:<\/h2><ul><li><strong>Szeroko\u015b\u0107: mo\u017cemy wykona\u0107 dowolny rozmiar<\/strong><\/li><li><strong>G\u0142\u0119boko\u015b\u0107: mo\u017cemy wykona\u0107 dowolny rozmiar<\/strong><\/li><li><strong>Wysoko\u015b\u0107 mebla: 95cm<\/strong><\/li><li><strong>Wysoko\u015b\u0107 siedziska: 50cm<\/strong><\/li><li><strong>G\u0142\u0119boko\u015b\u0107 siedziska: 42cm<\/strong><\/li><li><strong>G\u0142\u0119boko\u015b\u0107 mebla: 55cm<\/strong><\/li><li><strong>Wysoko\u015b\u0107 n\u00f3\u017cek: 35cm<\/strong><\/li><\/ul>\n\t\t\t\t\t<\/div>\n\t\t\t\t\t\t<\/div>\n\t\t\t\t<\/div>\n\t\t\t\t\t<\/div>\n\t\t\t\t<\/div>\n\t\t\t\t<\/div>\n\t\t","protected":false},"excerpt":{"rendered":"<p>Berlin &#8211; tapicerowany naro\u017cnik do kuchni lub jadalni to nowoczesny i funkcjonalny mebel, kt\u00f3ry \u0142\u0105czy wygod\u0119 z estetycznym wygl\u0105dem. Ozdobne<\/p>\n","protected":false},"featured_media":29944,"template":"","meta":[],"product_brand":[],"product_cat":[270],"product_tag":[],"class_list":{"0":"post-29512","1":"product","2":"type-product","3":"status-publish","4":"has-post-thumbnail","6":"product_cat-narozniki-kuchenne","8":"first","9":"instock","10":"taxable","11":"shipping-taxable","12":"purchasable","13":"product-type-simple"},"jetpack_sharing_enabled":true,"_links":{"self":[{"href":"https:\/\/www.jkg-meble.pl\/index.php\/wp-json\/wp\/v2\/product\/29512","targetHints":{"allow":["GET"]}}],"collection":[{"href":"https:\/\/www.jkg-meble.pl\/index.php\/wp-json\/wp\/v2\/product"}],"about":[{"href":"https:\/\/www.jkg-meble.pl\/index.php\/wp-json\/wp\/v2\/types\/product"}],"version-history":[{"count":11,"href":"https:\/\/www.jkg-meble.pl\/index.php\/wp-json\/wp\/v2\/product\/29512\/revisions"}],"predecessor-version":[{"id":30376,"href":"https:\/\/www.jkg-meble.pl\/index.php\/wp-json\/wp\/v2\/product\/29512\/revisions\/30376"}],"wp:featuredmedia":[{"embeddable":true,"href":"https:\/\/www.jkg-meble.pl\/index.php\/wp-json\/wp\/v2\/media\/29944"}],"wp:attachment":[{"href":"https:\/\/www.jkg-meble.pl\/index.php\/wp-json\/wp\/v2\/media?parent=29512"}],"wp:term":[{"taxonomy":"product_brand","embeddable":true,"href":"https:\/\/www.jkg-meble.pl\/index.php\/wp-json\/wp\/v2\/product_brand?post=29512"},{"taxonomy":"product_cat","embeddable":true,"href":"https:\/\/www.jkg-meble.pl\/index.php\/wp-json\/wp\/v2\/product_cat?post=29512"},{"taxonomy":"product_tag","embeddable":true,"href":"https:\/\/www.jkg-meble.pl\/index.php\/wp-json\/wp\/v2\/product_tag?post=29512"}],"curies":[{"name":"wp","href":"https:\/\/api.w.org\/{rel}","templated":true}]}}