{"id":30059,"date":"2026-03-19T12:37:53","date_gmt":"2026-03-19T12:37:53","guid":{"rendered":"https:\/\/www.jkg-meble.pl\/?post_type=product&#038;p=30059"},"modified":"2026-03-30T17:39:41","modified_gmt":"2026-03-30T17:39:41","slug":"lawka-kuchenna-madryt","status":"publish","type":"product","link":"https:\/\/www.jkg-meble.pl\/index.php\/produkt\/lawka-kuchenna-madryt\/","title":{"rendered":"\u0141awka kuchenna Madryt"},"content":{"rendered":"\t\t<div data-elementor-type=\"wp-post\" data-elementor-id=\"30059\" class=\"elementor elementor-30059\">\n\t\t\t\t<div class=\"wd-negative-gap elementor-element elementor-element-c781fcd e-grid e-con-boxed e-con e-parent\" data-id=\"c781fcd\" data-element_type=\"container\" data-e-type=\"container\">\n\t\t\t\t\t<div class=\"e-con-inner\">\n\t\t\t\t<div class=\"elementor-element elementor-element-e0a6c05 elementor-widget elementor-widget-wd_text_block\" data-id=\"e0a6c05\" data-element_type=\"widget\" data-e-type=\"widget\" data-widget_type=\"wd_text_block.default\">\n\t\t\t\t<div class=\"elementor-widget-container\">\n\t\t\t\t\t\t\t<div class=\"wd-text-block reset-last-child text-left\">\n\t\t\t\n\t\t\t<p>Madryt - <strong>loftowy<\/strong> charakter w klasycznym wydaniu \u0142\u0105cz\u0105cy nowoczesno\u015b\u0107 z klasyk\u0105 i ciep\u0142em tapicerowanych mebli. To \u015bwietny wyb\u00f3r dla os\u00f3b ceni\u0105cych komfort i <strong>nietuzinkowy design<\/strong>.<\/p><h3>Charakterystyka \u0142awki Madryt<\/h3><ul><li data-section-id=\"18j07ku\" data-start=\"0\" data-end=\"145\">\u2728 <strong data-start=\"4\" data-end=\"35\">Styl, kt\u00f3ry przyci\u0105ga uwag\u0119<\/strong> \u2013 nowoczesna \u0142awka o industrialnym charakterze doskonale podkre\u015bla wystr\u00f3j kuchni, jadalni lub przedpokoju.<\/li><li data-section-id=\"1tdbbco\" data-start=\"146\" data-end=\"288\">\ud83d\udccf <strong data-start=\"151\" data-end=\"183\">Wykonywana na dowolny wymiar<\/strong> \u2013 ka\u017cdy mebel powstaje z my\u015bl\u0105 o konkretnej przestrzeni, dzi\u0119ki czemu idealnie wpisuje si\u0119 we wn\u0119trze.<\/li><li data-section-id=\"hjm391\" data-start=\"289\" data-end=\"414\">\ud83d\udda4 <strong data-start=\"294\" data-end=\"340\">Metalowe nogi malowane proszkowo na czarno<\/strong> \u2013 trwa\u0142e, stabilne i efektowne, nadaj\u0105 \u0142awce elegancki, loftowy wygl\u0105d.<\/li><li data-section-id=\"18zrkrw\" data-start=\"415\" data-end=\"543\">\ud83d\udecb\ufe0f <strong data-start=\"421\" data-end=\"451\">Wysoki komfort u\u017cytkowania<\/strong> \u2013 zastosowanie jako\u015bciowej pianki T30 zapewnia wygod\u0119 siedzenia i trwa\u0142o\u015b\u0107 na d\u0142ugi czas.<\/li><li data-section-id=\"1fm9r1s\" data-start=\"544\" data-end=\"689\">\ud83d\udd04 <strong data-start=\"549\" data-end=\"575\">Pi\u0119kna z ka\u017cdej strony<\/strong> \u2013 dzi\u0119ki obiciu ty\u0142u tkanin\u0105 \u0142awka jest meblem wolno stoj\u0105cym i \u015bwietnie prezentuje si\u0119 nie tylko przy \u015bcianie.<\/li><li data-section-id=\"1ka6o96\" data-start=\"690\" data-end=\"817\">\u2728 <strong data-start=\"694\" data-end=\"728\">Dekoracyjne przeszycia oparcia<\/strong> \u2013 starannie wykonane detale dodaj\u0105 ca\u0142o\u015bci klasy i podkre\u015blaj\u0105 nowoczesn\u0105 form\u0119 mebla.<\/li><li data-section-id=\"1vljsnu\" data-start=\"818\" data-end=\"917\">\ud83e\uddf5 <strong data-start=\"823\" data-end=\"853\">Wytrzyma\u0142a tkanina w cenie<\/strong> \u2013 solidne obicie \u0142\u0105czy estetyk\u0119 z codzienn\u0105 funkcjonalno\u015bci\u0105.<\/li><li data-section-id=\"64yt5n\" data-start=\"918\" data-end=\"1037\">\ud83c\udfa8 <strong data-start=\"923\" data-end=\"947\">Szeroka gama kolor\u00f3w<\/strong> \u2013 bogaty wyb\u00f3r tkanin pozwala stworzy\u0107 mebel idealnie dopasowany do charakteru wn\u0119trza.<\/li><li data-section-id=\"pjzoio\" data-start=\"1038\" data-end=\"1157\">\ud83c\uddf5\ud83c\uddf1 <strong data-start=\"1045\" data-end=\"1071\">Polski producent mebli<\/strong> \u2013 lokalna produkcja, dba\u0142o\u015b\u0107 o detale i elastyczne podej\u015bcie do ka\u017cdego zam\u00f3wienia.<\/li><li data-section-id=\"1ygflmk\" data-start=\"977\" data-end=\"1095\">\ud83d\udcb0\u00a0<strong data-start=\"982\" data-end=\"1019\">Wysoka jako\u015b\u0107 w atrakcyjnej cenie<\/strong>\u00a0\u2013 trwa\u0142y i estetyczny mebel w bardzo korzystnym stosunku jako\u015bci do ceny.<\/li><\/ul>\n\t\t\t\t\t<\/div>\n\t\t\t\t\t\t<\/div>\n\t\t\t\t<\/div>\n\t\t\t\t<div class=\"elementor-element elementor-element-7efbf82 elementor-widget elementor-widget-wd_text_block\" data-id=\"7efbf82\" data-element_type=\"widget\" data-e-type=\"widget\" data-widget_type=\"wd_text_block.default\">\n\t\t\t\t<div class=\"elementor-widget-container\">\n\t\t\t\t\t\t\t<div class=\"wd-text-block reset-last-child text-left\">\n\t\t\t\n\t\t\t<h2>Wymiary:<\/h2><ul><li><strong>Szeroko\u015b\u0107:\u00a0<\/strong> <strong>mo\u017cemy wykona\u0107 dowolny rozmiar<\/strong><\/li><li><strong>G\u0142\u0119boko\u015b\u0107: 55cm<\/strong><\/li><li><strong>Wysoko\u015b\u0107 mebla:<\/strong> <strong>95cm<\/strong><\/li><li><strong>Wysoko\u015b\u0107 siedziska:<\/strong> <strong>50cm<\/strong><\/li><li><strong>G\u0142\u0119boko\u015b\u0107 siedziska:<\/strong> <strong>42cm<\/strong><\/li><li><strong>Wysoko\u015b\u0107 n\u00f3\u017cek:<\/strong> <strong>35cm<\/strong><\/li><\/ul><h4><strong>Produkujemy meble na wymiar z dba\u0142o\u015bci\u0105 o ka\u017cdy szczeg\u00f3\u0142.<\/strong><\/h4>\n\t\t\t\t\t<\/div>\n\t\t\t\t\t\t<\/div>\n\t\t\t\t<\/div>\n\t\t\t\t\t<\/div>\n\t\t\t\t<\/div>\n\t\t\t\t<\/div>\n\t\t","protected":false},"excerpt":{"rendered":"<p>Madryt &#8211; loftowy charakter w klasycznym wydaniu \u0142\u0105cz\u0105cy nowoczesno\u015b\u0107 z klasyk\u0105 i ciep\u0142em tapicerowanych mebli. To \u015bwietny wyb\u00f3r dla os\u00f3b<\/p>\n","protected":false},"featured_media":30061,"template":"","meta":[],"product_brand":[],"product_cat":[262],"product_tag":[],"class_list":{"0":"post-30059","1":"product","2":"type-product","3":"status-publish","4":"has-post-thumbnail","6":"product_cat-lawki-do-jadalni","8":"first","9":"instock","10":"taxable","11":"shipping-taxable","12":"purchasable","13":"product-type-simple"},"jetpack_sharing_enabled":true,"_links":{"self":[{"href":"https:\/\/www.jkg-meble.pl\/index.php\/wp-json\/wp\/v2\/product\/30059","targetHints":{"allow":["GET"]}}],"collection":[{"href":"https:\/\/www.jkg-meble.pl\/index.php\/wp-json\/wp\/v2\/product"}],"about":[{"href":"https:\/\/www.jkg-meble.pl\/index.php\/wp-json\/wp\/v2\/types\/product"}],"version-history":[{"count":19,"href":"https:\/\/www.jkg-meble.pl\/index.php\/wp-json\/wp\/v2\/product\/30059\/revisions"}],"predecessor-version":[{"id":30534,"href":"https:\/\/www.jkg-meble.pl\/index.php\/wp-json\/wp\/v2\/product\/30059\/revisions\/30534"}],"wp:featuredmedia":[{"embeddable":true,"href":"https:\/\/www.jkg-meble.pl\/index.php\/wp-json\/wp\/v2\/media\/30061"}],"wp:attachment":[{"href":"https:\/\/www.jkg-meble.pl\/index.php\/wp-json\/wp\/v2\/media?parent=30059"}],"wp:term":[{"taxonomy":"product_brand","embeddable":true,"href":"https:\/\/www.jkg-meble.pl\/index.php\/wp-json\/wp\/v2\/product_brand?post=30059"},{"taxonomy":"product_cat","embeddable":true,"href":"https:\/\/www.jkg-meble.pl\/index.php\/wp-json\/wp\/v2\/product_cat?post=30059"},{"taxonomy":"product_tag","embeddable":true,"href":"https:\/\/www.jkg-meble.pl\/index.php\/wp-json\/wp\/v2\/product_tag?post=30059"}],"curies":[{"name":"wp","href":"https:\/\/api.w.org\/{rel}","templated":true}]}}