{"id":30569,"date":"2026-03-27T18:16:29","date_gmt":"2026-03-27T18:16:29","guid":{"rendered":"https:\/\/www.jkg-meble.pl\/?post_type=product&#038;p=30569"},"modified":"2026-03-30T17:39:00","modified_gmt":"2026-03-30T17:39:00","slug":"lawka-kuchenna-porto","status":"publish","type":"product","link":"https:\/\/www.jkg-meble.pl\/index.php\/produkt\/lawka-kuchenna-porto\/","title":{"rendered":"\u0141awka kuchenna Porto"},"content":{"rendered":"\t\t<div data-elementor-type=\"wp-post\" data-elementor-id=\"30569\" class=\"elementor elementor-30569\">\n\t\t\t\t<div class=\"wd-negative-gap elementor-element elementor-element-a3e32dd e-flex e-con-boxed e-con e-parent\" data-id=\"a3e32dd\" data-element_type=\"container\" data-e-type=\"container\">\n\t\t\t\t\t<div class=\"e-con-inner\">\n\t\t\t\t<div class=\"elementor-element elementor-element-05f98ba elementor-widget elementor-widget-wd_text_block\" data-id=\"05f98ba\" data-element_type=\"widget\" data-e-type=\"widget\" data-widget_type=\"wd_text_block.default\">\n\t\t\t\t<div class=\"elementor-widget-container\">\n\t\t\t\t\t\t\t<div class=\"wd-text-block reset-last-child text-left\">\n\t\t\t\n\t\t\t\n\t\t\t\t\t<\/div>\n\t\t\t\t\t\t<\/div>\n\t\t\t\t<\/div>\n\t\t\t\t\t<\/div>\n\t\t\t\t<\/div>\n\t\t<div class=\"wd-negative-gap elementor-element elementor-element-4929ee8 e-flex e-con-boxed e-con e-parent\" data-id=\"4929ee8\" data-element_type=\"container\" data-e-type=\"container\">\n\t\t\t\t\t<div class=\"e-con-inner\">\n\t\t\t\t<div class=\"elementor-element elementor-element-a51e1ad elementor-widget elementor-widget-wd_text_block\" data-id=\"a51e1ad\" data-element_type=\"widget\" data-e-type=\"widget\" data-widget_type=\"wd_text_block.default\">\n\t\t\t\t<div class=\"elementor-widget-container\">\n\t\t\t\t\t\t\t<div class=\"wd-text-block reset-last-child text-left\">\n\t\t\t\n\t\t\t<p><strong>Porto<\/strong> - nowoczesna \u0142awka do kuchni, jadalni lub przedpokoju tworzona na wymiar, dok\u0142adnie wed\u0142ug potrzeb klienta. Komfort u\u017cytkowania zapewnia wysokiej jako\u015bci pianka T30, a dekoracyjne pikowanie z guzikami tapicerskimi na oparciu nadaje meblowi elegancki i wyj\u0105tkowy charakter. Solidne wykonanie i mo\u017cliwo\u015b\u0107 dopasowania mebla idealnie do Twojego wn\u0119trza.<\/p><h3>Charakterystyka \u0142awki Porto\u00a0<\/h3><ul><li data-section-id=\"1ib3uo8\" data-start=\"0\" data-end=\"126\">\ud83d\udccf\u00a0<strong data-start=\"5\" data-end=\"36\">Wykonanie na dowolny wymiar<\/strong> \u2013 \u0142awk\u0119 dopasujemy do Twojej kuchni lub jadalni zgodnie z indywidualnym zam\u00f3wieniem.<\/li><li data-section-id=\"lxde38\" data-start=\"127\" data-end=\"231\">\u2728\u00a0<strong data-start=\"131\" data-end=\"152\">Nowoczesny wygl\u0105d<\/strong>\u00a0\u2013 elegancka forma sprawia, \u017ce mebel \u015bwietnie pasuje do wsp\u00f3\u0142czesnych wn\u0119trz.<\/li><li data-section-id=\"1qo14ce\" data-start=\"232\" data-end=\"328\">\ud83d\udecb\ufe0f\u00a0<strong data-start=\"238\" data-end=\"269\">Wysokiej jako\u015bci pianka T30<\/strong>\u00a0\u2013 zapewnia wygod\u0119 siedzenia oraz trwa\u0142o\u015b\u0107 na d\u0142ugi czas.<\/li><li data-section-id=\"ii13ks\" data-start=\"329\" data-end=\"452\">\ud83d\udd04\u00a0<strong data-start=\"334\" data-end=\"357\">Mebel wolno stoj\u0105cy<\/strong> \u2013 ty\u0142 \u0142awki jest obity tkanin\u0105, dzi\u0119ki czemu prezentuje si\u0119 estetycznie z ka\u017cdej strony.<\/li><li data-section-id=\"jc95up\" data-start=\"453\" data-end=\"561\">\ud83c\udf80\u00a0<strong data-start=\"458\" data-end=\"483\">Dekoracyjne pikowanie<\/strong>\u00a0\u2013 oparcie ozdobione guzikami tapicerskimi dodaje meblowi stylu i elegancji.<\/li><li data-section-id=\"1k9qw1u\" data-start=\"562\" data-end=\"645\">\ud83d\udcaa\u00a0<strong data-start=\"567\" data-end=\"592\">Mocna tkanina w cenie<\/strong>\u00a0\u2013 trwa\u0142y materia\u0142 obiciowy bez dodatkowych dop\u0142at.<\/li><li data-section-id=\"18ctn0z\" data-start=\"646\" data-end=\"753\">\ud83c\udf33\u00a0<strong data-start=\"651\" data-end=\"676\">Wyb\u00f3r wybarwienia n\u00f3g<\/strong>\u00a0\u2013 mo\u017cliwo\u015b\u0107 dopasowania koloru n\u00f3g z drewna bukowego do aran\u017cacji wn\u0119trza.<\/li><li data-section-id=\"1ecmj8s\" data-start=\"754\" data-end=\"844\">\ud83c\udfa8\u00a0<strong data-start=\"759\" data-end=\"792\">Szeroka gama tkanin i kolor\u00f3w<\/strong>\u00a0\u2013 du\u017cy wyb\u00f3r rodzaju oraz kolorystyki materia\u0142\u00f3w.<\/li><li data-section-id=\"1ecmj8s\" data-start=\"754\" data-end=\"844\">\ud83d\udcb0 <strong data-start=\"982\" data-end=\"1019\">Wysoka jako\u015b\u0107 w atrakcyjnej cenie<\/strong> \u2013 trwa\u0142y i estetyczny mebel w bardzo korzystnym stosunku jako\u015bci do ceny.<\/li><li data-section-id=\"wyt6zy\" data-start=\"845\" data-end=\"925\">\ud83c\uddf5\ud83c\uddf1\u00a0<strong data-start=\"852\" data-end=\"878\">Polski producent mebli<\/strong>\u00a0\u2013 solidne wykonanie i dba\u0142o\u015b\u0107 o ka\u017cdy detal.<\/li><\/ul><h2>Wymiary:<\/h2><ul><li><strong>Szeroko\u015b\u0107: mo\u017cemy wykona\u0107 dowolny rozmiar<\/strong><\/li><li><strong>Wysoko\u015b\u0107 mebla: 95cm<\/strong><\/li><li><strong>Wysoko\u015b\u0107 siedziska: 50cm<\/strong><\/li><li><strong>G\u0142\u0119boko\u015b\u0107 siedziska: 42cm<\/strong><\/li><li><strong>G\u0142\u0119boko\u015b\u0107 mebla: 55cm<\/strong><\/li><li><strong>Wysoko\u015b\u0107 n\u00f3\u017cek: 35cm<\/strong><\/li><\/ul><h4><strong>Produkujemy meble na wymiar z dba\u0142o\u015bci\u0105 o ka\u017cdy szczeg\u00f3\u0142.<\/strong><\/h4>\n\t\t\t\t\t<\/div>\n\t\t\t\t\t\t<\/div>\n\t\t\t\t<\/div>\n\t\t\t\t\t<\/div>\n\t\t\t\t<\/div>\n\t\t\t\t<\/div>\n\t\t","protected":false},"excerpt":{"rendered":"<p>Porto &#8211; nowoczesna \u0142awka do kuchni, jadalni lub przedpokoju tworzona na wymiar, dok\u0142adnie wed\u0142ug potrzeb klienta. Komfort u\u017cytkowania zapewnia wysokiej<\/p>\n","protected":false},"featured_media":30570,"template":"","meta":[],"product_brand":[],"product_cat":[262],"product_tag":[],"class_list":{"0":"post-30569","1":"product","2":"type-product","3":"status-publish","4":"has-post-thumbnail","6":"product_cat-lawki-do-jadalni","8":"first","9":"instock","10":"taxable","11":"shipping-taxable","12":"purchasable","13":"product-type-simple"},"jetpack_sharing_enabled":true,"_links":{"self":[{"href":"https:\/\/www.jkg-meble.pl\/index.php\/wp-json\/wp\/v2\/product\/30569","targetHints":{"allow":["GET"]}}],"collection":[{"href":"https:\/\/www.jkg-meble.pl\/index.php\/wp-json\/wp\/v2\/product"}],"about":[{"href":"https:\/\/www.jkg-meble.pl\/index.php\/wp-json\/wp\/v2\/types\/product"}],"version-history":[{"count":4,"href":"https:\/\/www.jkg-meble.pl\/index.php\/wp-json\/wp\/v2\/product\/30569\/revisions"}],"predecessor-version":[{"id":30635,"href":"https:\/\/www.jkg-meble.pl\/index.php\/wp-json\/wp\/v2\/product\/30569\/revisions\/30635"}],"wp:featuredmedia":[{"embeddable":true,"href":"https:\/\/www.jkg-meble.pl\/index.php\/wp-json\/wp\/v2\/media\/30570"}],"wp:attachment":[{"href":"https:\/\/www.jkg-meble.pl\/index.php\/wp-json\/wp\/v2\/media?parent=30569"}],"wp:term":[{"taxonomy":"product_brand","embeddable":true,"href":"https:\/\/www.jkg-meble.pl\/index.php\/wp-json\/wp\/v2\/product_brand?post=30569"},{"taxonomy":"product_cat","embeddable":true,"href":"https:\/\/www.jkg-meble.pl\/index.php\/wp-json\/wp\/v2\/product_cat?post=30569"},{"taxonomy":"product_tag","embeddable":true,"href":"https:\/\/www.jkg-meble.pl\/index.php\/wp-json\/wp\/v2\/product_tag?post=30569"}],"curies":[{"name":"wp","href":"https:\/\/api.w.org\/{rel}","templated":true}]}}